 What are the prime factors of q?
2, 7
Suppose 13*o - 4558 = 17503. List the prime factors of o.
1697
Suppose 14*x - 11*x - 5*c - 56 = 0, x - 15 = -2*c. Suppose 2*d = -0*d + 60. Suppose -k + d + x = 0. List the prime factors of k.
47
Let s(u) = 104*u**3 + u**2 - 5*u - 3. List the prime factors of s(2).
823
Let u(x) = -11*x**3 - 3*x**2 - 19*x - 37. Let p be u(-2). Let k = -1 - -48. Let h = p - k. What are the prime factors of h?
2, 3, 5
Let b(h) = -h**3 + 6*h**2 - 2. Let w be b(6). Suppose -2*o + 11*o + 144 = 0. List the prime factors of o/(w*2/6).
2, 3
Suppose 224 = -20*j + 27784. What are the prime factors of j?
2, 13, 53
Suppose r - 57 = 4*r. Let y = -17 - r. What are the prime factors of 1/y + 65/2?
3, 11
Let p(c) = -c**2 - 1. Let f(r) = r**3 - 8*r**2 + 5*r + 1. Let l(j) = -f(j) + p(j). Let g be l(6). Suppose g*b - 40 = -b. What are the prime factors of b?
2
Suppose -4*a - 35 = 3*j, 5*a + 16 + 20 = 4*j. Let i be -1*(-4)/a*4. What are the prime factors of 1 - (4 + i - 19)?
2, 3
Suppose -382*s = -390*s + 1840. List the prime factors of s.
2, 5, 23
Let i be 4/(-26) + 102020/(-26). What are the prime factors of 1/3 - i/54?
73
Let m(n) be the first derivative of -5*n - 3/4*n**4 + 1/2*n**2 + 2 - 1/3*n**3. List the prime factors of m(-3).
2
Let i = -64 - -68. Suppose 23 - 7 = -4*n, -5*r + 701 = -i*n. List the prime factors of r.
137
Suppose -4*m - 10 = j, -3*j - 3*m - m - 14 = 0. Let n(t) = 19*t**2 - 2. List the prime factors of n(j).
2, 37
Suppose -44*x + 41*x + 12 = 0. Suppose x*t - 681 = 187. What are the prime factors of t?
7, 31
Let s(i) be the first derivative of i**4/4 + 5*i**3/3 + 3*i**2/2 + 2*i - 2. Suppose 5*k + 4*u + 35 = 0, 21 = -k - 4*u - 2. What are the prime factors of s(k)?
11
Suppose 4*w + 0*w + 12 = 0. Let d(i) = -4*i**3 + i**2 - 1. What are the prime factors of d(w)?
2, 29
Let y(k) = -k**3 - 9*k**2 - 21*k - 42. What are the prime factors of y(-11)?
431
Let c(n) = -1. Let u(i) = 4*i + 2. Let j(d) = d. Let o(b) = 3*j(b) - u(b). Let v(x) = -5*c(x) + o(x). List the prime factors of v(-10).
13
List the prime factors of -1*(-6 + -152 + -3).
7, 23
Suppose 11 + 1 = -4*b. Suppose -o - 7 = -0*o. What are the prime factors of o/(b + (-1 - -3))?
7
Suppose -2*f = -7*f + 35. Let g(m) = -m + 8. Let s be g(f). List the prime factors of 24 + 0*s/(-3).
2, 3
Suppose -3*n + 6305 = 4*r, 35*r - 7875 = 30*r - 5*n. List the prime factors of r.
2, 5, 79
Suppose -23*s = 7*s - 14760. What are the prime factors of s?
2, 3, 41
What are the prime factors of (543/(-2))/((-60)/360)?
3, 181
Suppose 2*k + 14 = -2*q, q = 2*q + 5*k + 23. Let z(n) = -n**3 - n**2 + n + 10. What are the prime factors of z(q)?
5
Let a(j) = j**2 - 5*j + 5. Let k be a(5). Let x = k - 3. Suppose z = x*h + 3*h - 17, h = 3*z - 19. What are the prime factors of z?
2
Let g = 15 - 19. Let a be g/(-2) + (-16 - -19). Suppose -a*t - 171 = -4*q, -t = 5*q + 2*t - 186. What are the prime factors of q?
3, 13
Suppose 0 = -2*j - 5*d + 1544, -j - 4*d + 5*d + 758 = 0. What are the prime factors of j?
2, 3, 127
Let l(i) be the first derivative of -i**2/2 + 5*i + 3. Let u be l(3). Suppose 2*q + 5*x = 16, 6 + u = 4*x. What are the prime factors of q?
3
Suppose -2 = -k + 1. Suppose -8 = -o - k. Suppose -o*g + 31 = 11. List the prime factors of g.
2
Suppose 0 = 3*s - s + 2. Let z(h) = -h**2 + 12*h. Let n be z(10). List the prime factors of 28*(s + n/8).
2, 3, 7
Let o = -921 - -1451. List the prime factors of o.
2, 5, 53
Suppose -3*o + n = 3*n - 24, 3*o + 4*n - 30 = 0. Suppose 5*w - 4*v - 537 = 0, 0 = -w + o*w + 2*v - 519. Suppose -3*a - 27 = -w. What are the prime factors of a?
2, 13
Let z = 2 + 0. Suppose i = 4*q + 23, -2*q - 23 = i - z*i. What are the prime factors of i?
23
Suppose -5*w = -5*i + 15, 0*i - 5*w - 11 = -4*i. Suppose -2*d + 46 = -i*u - 90, -3*d + 24 = -u. What are the prime factors of ((-621)/u)/(2/8)?
3, 23
Let v(k) = -2*k - 6. Let a(o) = 2*o - 2. Let d be a(3). Let x = d - 9. List the prime factors of v(x).
2
Let n = 6 + 8. Suppose -3*i - n = h, -3*i + 0*h - 16 = 2*h. Let l = i - -16. List the prime factors of l.
2, 3
Let h(a) = 2*a + 2*a**2 - 4 - 6*a**2 + 2*a - a**3. Let r be h(-5). List the prime factors of 20/(-8)*-8 + r.
3, 7
Let v(t) = -337*t - 102. What are the prime factors of v(-3)?
3, 101
Let l(w) = 17*w + 64. What are the prime factors of l(-2)?
2, 3, 5
Let r = 16 - 10. Let k = 10 - r. Suppose -k*q = -3*v - v + 116, -3*v + 5*q = -93. List the prime factors of v.
2, 13
Suppose -288 = -4*m - 4*f, -2*m = -4*f - 126 - 12. Let i = m + -22. What are the prime factors of i?
7
Suppose -2*p - 2 = -10. Suppose -15 = -p*w + 33. What are the prime factors of 6/(-9)*(-378)/w?
3, 7
Suppose -7 - 13 = 4*g + 4*m, 2*m = -10. Suppose 3*i + g*i - 120 = 0. What are the prime factors of i?
2, 5
Let n be -1 - (-4 + 3)*-5. What are the prime factors of n*9/((-27)/16) - 2?
2, 3, 5
Let b(h) = 2*h**2 + 5*h - 18. Let s be b(-8). Let p = 143 - s. List the prime factors of p.
73
Let t(x) = -x**2 + x + 2. Let j be t(-1). Suppose -112 = -s + y, -2*s + 7*s - 2*y - 572 = j. List the prime factors of s.
2, 29
Suppose 7 - 15 = -4*h. Suppose k - 6 = -a, -3*k - h*a - 2*a = -18. List the prime factors of k*(-12)/(-9)*4.
2
Suppose -2*t - 2*x = 2*x + 6, -3*t - x + 6 = 0. Suppose 0 = -4*f + 2*f - 3*m + 36, -4*f + 5*m = -116. Suppose -t*s + 36 = -f. What are the prime factors of s?
2, 5
Suppose -5165 = -4*o - 4*f + 5383, -2*f - 5266 = -2*o. What are the prime factors of o?
5, 17, 31
Let s = 8733 - 4828. What are the prime factors of s?
5, 11, 71
Let p(x) = 91*x - 1. What are the prime factors of p(1)?
2, 3, 5
What are the prime factors of 1368/9 + (-1)/1?
151
Let c = 6 + -6. Suppose -281 = -v + 2*k, c = -v + 2*v - 3*k - 285. List the prime factors of v.
3, 7, 13
Let n(o) = -93*o - 37. Let v(z) = 4*z**2 - 19*z - 8. Let f be v(5). List the prime factors of n(f).
2, 11
Suppose -6*r + 3*r - 24 = 0. Let z = 9 + r. What are the prime factors of (z - 0/(-2))*16?
2
Let x(i) = -18*i + 2. Let p be x(-1). Let f(h) = 11 - 6*h - 7*h**3 - 14*h**2 + h**3 + p*h + 5*h**3. What are the prime factors of f(-15)?
2, 13
What are the prime factors of ((-162)/(-135))/(6/440)?
2, 11
Suppose -275 = -4*t - a, 4*t - t + 4*a = 190. Suppose 2*d - 140 = -5*p + t, -3*p + 2*d + 142 = 0. What are the prime factors of p?
2, 11
Suppose g = 5*b + 1848 + 13, -9421 = -5*g - 4*b. What are the prime factors of g?
3, 11, 19
Suppose -13*n + 165 = -18*n. Let c = n + 69. List the prime factors of c.
2, 3
Let n = 1617 + -898. What are the prime factors of n?
719
Suppose 3*x = -5*z + 92, -3*x = -2*x - 5*z - 4. List the prime factors of (x/(-10))/(17/(-425)).
2, 3, 5
Let v = -408 + 2075. List the prime factors of v.
1667
Let n be 4*(-3)/(-6)*2. Let l = 13 - n. Suppose -2*j = -31 + l. What are the prime factors of j?
11
Suppose 0 = -o - 17 + 50. Let z = -31 + o. What are the prime factors of -2*(z + 71/(-2))?
67
Let j = 52 + -58. Let h = j + 59. What are the prime factors of h?
53
Let m(v) = -12*v + 100. What are the prime factors of m(-14)?
2, 67
Let b(f) be the third derivative of 3*f**2 - 1/8*f**4 + 0 + 0*f - 7/6*f**3. List the prime factors of b(-9).
2, 5
Let d be (3 + -6)/((-1)/2). Let o(y) = 6*y**2 - 10*y + 19. List the prime factors of o(d).
5, 7
Suppose 58*s - 35576 - 152750 = 0. What are the prime factors of s?
17, 191
Let o be (-1 - 115 - 0)*18/(-12). Let n = o + -117. List the prime factors of n.
3, 19
Let y = -7 - -6. Let i be (-1 - 0)/(y/3). Suppose -i*s + 10 = -8. List the prime factors of s.
2, 3
Suppose 2*g - 868 = -3*m - 219, -3*m - 4*g = -653. Suppose -3*x = -m - 16. List the prime factors of x.
7, 11
Let p = 5 - 4. Let l be p/(-3)*1*-3. Suppose 11 = 2*s - l. List the prime factors of s.
2, 3
List the prime factors of (-27)/(-9) + 1 + 169.
173
Let o(z) = 27*z**2 - 5*z + 8. Let u be o(4). Suppose 5*r - u = -5*s, -3*s + 2*r = r - 248. What are the prime factors of s?
83
Suppose -24 = -4*t + 4*i, -2*i + 6*i + 15 = t. Let q(p) = 2*p**3 + 9*p + 0*p**2 + 7*p**2 - 3*p**t - 6. What are the prime factors of q(8)?
2
Suppose 13 = -3*u + 5*q + 45, -2*u = 3*q - 53. Suppose 22*a - u*a = 0. Suppose 7*z + 3*f = 2*z + 161, a = 4*z + 3*f - 130. What are the prime factors of z?
31
Let l(w) = 5*w**3 + 2*w - 1. Let q be l(1). Let t = 18 - q. List the prime factors of t.